s 14 divide 820?
False
Is 105 a factor of 47565?
True
Does 6 divide 720?
True
Is 22 a factor of 18942?
True
Is 133 a multiple of 7?
True
Does 253 divide 18625?
False
Is 8 a factor of 67588?
False
Does 98 divide 24108?
True
Is 2147 a multiple of 11?
False
Is 928 a multiple of 14?
False
Is 115 a factor of 690?
True
Is 6 a factor of 984?
True
Is 57 a factor of 13192?
False
Does 116 divide 4315?
False
Is 35 a factor of 1400?
True
Is 140 a factor of 1685?
False
Does 7 divide 2653?
True
Is 36 a factor of 8666?
False
Does 21 divide 47886?
False
Is 65 a factor of 45771?
False
Does 112 divide 67516?
False
Is 12 a factor of 6916?
False
Does 34 divide 16348?
False
Is 1490 a multiple of 10?
True
Is 25 a factor of 42161?
False
Does 96 divide 2798?
False
Is 1383 a multiple of 12?
False
Is 8 a factor of 456?
True
Is 7 a factor of 236?
False
Is 125 a factor of 1676?
False
Does 3 divide 414?
True
Is 16327 a multiple of 26?
False
Is 1408 a multiple of 17?
False
Does 69 divide 1556?
False
Is 434 a multiple of 31?
True
Is 11 a factor of 3265?
False
Does 18 divide 3474?
True
Is 18858 a multiple of 21?
True
Is 609 a multiple of 21?
True
Is 3887 a multiple of 33?
False
Does 36 divide 11628?
True
Is 6076 a multiple of 28?
True
Is 2575 a multiple of 6?
False
Is 56 a factor of 885?
False
Is 26 a factor of 39286?
True
Does 13 divide 16241?
False
Does 6 divide 4740?
True
Does 17 divide 26843?
True
Does 285 divide 42465?
True
Does 116 divide 30001?
False
Is 5 a factor of 2402?
False
Does 22 divide 286?
True
Is 45 a multiple of 2?
False
Does 2 divide 6?
True
Is 31249 a multiple of 17?
False
Does 10 divide 2127?
False
Is 73 a factor of 1314?
True
Is 56 a factor of 3136?
True
Is 16295 a multiple of 76?
False
Is 1971 even?
False
Is 27293 a multiple of 49?
True
Is 1742 a multiple of 13?
True
Is 16267 a multiple of 70?
False
Does 101 divide 3636?
True
Is 19800 a multiple of 36?
True
Does 10 divide 10629?
False
Does 55 divide 13091?
False
Is 2750 a multiple of 36?
False
Is 452 even?
True
Is 5597 a multiple of 33?
False
Does 10 divide 12164?
False
Is 2416 a multiple of 37?
False
Is 2395 a multiple of 13?
False
Is 19 a factor of 1159?
True
Is 6605 a multiple of 8?
False
Is 56615 a multiple of 65?
True
Is 8 a factor of 1788?
False
Is 20 a factor of 31659?
False
Is 4 a factor of 264?
True
Does 33 divide 1881?
True
Is 29 a factor of 58261?
True
Does 14 divide 7841?
False
Is 290 a multiple of 7?
False
Is 28 a factor of 505?
False
Is 6344 a multiple of 52?
True
Is 2565 a multiple of 19?
True
Is 9502 a multiple of 17?
False
Does 41 divide 2296?
True
Does 15 divide 1184?
False
Does 45 divide 104715?
True
Is 1097 a multiple of 4?
False
Is 95 a factor of 1532?
False
Is 8980 a multiple of 20?
True
Does 25 divide 553?
False
Is 55 a factor of 42955?
True
Does 19 divide 82726?
True
Does 10 divide 104?
False
Does 41 divide 1148?
True
Does 2 divide 1248?
True
Does 45 divide 1057?
False
Is 1927 a multiple of 43?
False
Is 24 a factor of 581?
False
Does 32 divide 14848?
True
Is 19 a factor of 960?
False
Is 2282 a multiple of 4?
False
Does 131 divide 7991?
True
Is 361 a multiple of 2?
False
Is 8067 a multiple of 3?
True
Does 3 divide 2538?
True
Is 210 a multiple of 3?
True
Is 1909 a multiple of 8?
False
Is 1898 a multiple of 11?
False
Does 71 divide 45582?
True
Does 4 divide 676?
True
Is 504 a multiple of 63?
True
Does 189 divide 26532?
False
Is 1662 a multiple of 16?
False
Does 4 divide 2712?
True
Is 15 a factor of 2760?
True
Is 78 a multiple of 51?
False
Is 570 a multiple of 15?
True
Is 19 a factor of 893?
True
Does 20 divide 15880?
True
Is 2002 a multiple of 14?
True
Does 29 divide 2969?
False
Is 1319 a multiple of 37?
False
Is 1204 a multiple of 14?
True
Is 1001 a multiple of 11?
True
Is 18156 a multiple of 68?
True
Is 5 a factor of 17745?
True
Is 13 a factor of 9399?
True
Is 1475 a multiple of 4?
False
Does 86 divide 19025?
False
Does 9 divide 255?
False
Is 133 a factor of 11438?
True
Does 16 divide 634?
False
Is 640 a multiple of 16?
True
Does 110 divide 6311?
False
Is 1584 a multiple of 12?
True
Is 26560 a multiple of 166?
True
Is 47930 a multiple of 95?
False
Does 7 divide 1262?
False
Is 23 a factor of 69?
True
Is 59 a factor of 41959?
False
Is 23 a factor of 506?
True
Is 51597 a multiple of 147?
True
Is 62 a factor of 5890?
True
Does 85 divide 2295?
True
Is 50 a multiple of 50?
True
Is 8587 a multiple of 71?
False
Is 21 a factor of 197?
False
Does 21 divide 858?
False
Is 31 a factor of 1240?
True
Is 9 a factor of 3381?
False
Is 18 a factor of 13212?
True
Does 15 divide 6424?
False
Is 10 a factor of 2110?
True
Is 432 a multiple of 9?
True
Is 529 a multiple of 15?
False
Is 10 a factor of 3080?
True
Is 12 a multiple of 6?
True
Is 504 a multiple of 2?
True
Is 30919 a multiple of 10?
False
Is 577 a multiple of 29?
False
Is 20 a factor of 647?
False
Is 1012 a multiple of 11?
True
Does 100 divide 12124?
False
Is 350 a multiple of 50?
True
Is 10 a factor of 2620?
True
Is 43 a factor of 473?
True
Is 4788 a multiple of 28?
True
Is 1890 a multiple of 4?
False
Is 72 a factor of 2736?
True
Does 3 divide 23?
False
Is 180 a factor of 56415?
False
Does 11 divide 151239?
True
Is 2 a factor of 21736?
True
Is 2 a factor of 10?
True
Does 11 divide 20144?
False
Is 693 a multiple of 99?
True
Does 24 divide 2568?
True
Is 4356 a multiple of 19?
False
Is 15 a factor of 2865?
True
Does 107 divide 8490?
False
Is 904 a multiple of 8?
True
Does 43 divide 33680?
False
Is 760 a multiple of 40?
True
Is 2300 a multiple of 13?
False
Is 24522 a multiple of 38?
False
Is 11 a factor of 761?
False
Does 2 divide 155?
False
Is 3 a factor of 5690?
False
Is 672 a multiple of 21?
True
Is 10 a factor of 2020?
True
Is 131 a multiple of 6?
False
Does 25 divide 5901?
False
Is 907 a multiple of 8?
False
Does 13 divide 572?
True
Is 18 a factor of 252?
True
Is 2 a factor of 996?
True
Does 13 divide 130?
True
Does 86 divide 9511?
False
Is 6611 a multiple of 11?
True
Is 3442 a multiple of 8?
False
Is 29 a factor of 3915?
True
Does 75 divide 67582?
False
Does 32 divide 6944?
True
Is 9750 a multiple of 78?
True
Is 17 a factor of 115859?
False
Does 3 divide 604?
False
Is 10 a factor of 142?
False
Is 12080 a multiple of 31?
False
Is 1003 a multiple of 17?
True
Is 35 a factor of 942?
False
Is 57 a factor of 1710?
True
Does 42 divide 1703?
False
Does 24 divide 631?
False
Is 45 a factor of 238?
False
Is 37 a factor of 15466?
True
Does 7 divide 351?
False
Is 35250 a multiple of 15?
True
Is 13872 a multiple of 202?
False
Is 13624 a multiple of 4?
True
Does 18 divide 104490?
True
Is 23 a factor of 350?
False
Is 34008 a multiple of 104?
True
Is 901 a multiple of 3?
False
Is 26295 a multiple of 3?
True
Is 3 a factor of 258?
True
Is 98016 a multiple of 131?
False
Is 37 a factor of 1036?
True
Is 3 a factor of 4255?
False
Does 34 divide 3010?
False
Is 71 a factor of 994?
True
Is 10 a factor of 8880?
True
Is 8827 a multiple of 97?
True
Is 314 a multiple of 3?
False
Is 527 a multiple of 14?
False
Does 7 divide 392?
True
Is 4 a factor of 14660?
True
Is 12 a factor of 2484?
True
Does 32 divide 1024?
True
Is 7 a factor of 623?
True
Does 12 divide 39444?
True
Is 10 a factor of 16716?
False
Is 6 a factor of 942?
True
Does 74 divide 1113?
False
Does 72 divide 1944?
True
Does 49 divide 7826?
False
Is 15 a factor of 2687?
False
Is 1763 even?
False
Does 74 divide 900?
False
Is 40 a factor of 19330?
False
Does 13 divide 6903?
True
Is 1814 a multiple of 85?
False
Does 79 divide 1659?
True
Is 49288 a multiple of 67?
False
Does 14 divide 742?
True
Is 27 a factor of 9666?
True
Does 14 divide 125077?
False
Is 340 a multiple of 85?
True
Is 1036 a multiple of 28?
True
Is 2439 even?
False
Is 60 a multiple of 30?
True
Is 1135 a multiple of 18?
False
Does 30 divide 4590?
True
Is 20 a factor of 7678?
False
Is 48 a factor of 432?
True
Is 94 a multiple of 6?
False
Is 720 a multiple of 36?
True
Is 26968 a multiple of 224?
False
Is 64 a factor of 477?
False
Is 17 a factor of 3689?
True
Is 20349 a multiple of 119?
True
Is 82 a factor of 6560?
True
Is 37737 a multiple of 9?
True
Is 110 a factor of 3630?
True
Is 40 a factor of 480?
True
Is 2662 a multiple of 121?
True
Does 26 divide 572?
True
Is 14 a factor of 2716?
True
Does 19 divide 1452?
False
Is 2716 a multiple of 5?
False
Is